{"id":113,"date":"2017-06-21T09:38:45","date_gmt":"2017-06-21T07:38:45","guid":{"rendered":"https:\/\/2017.santander.wordcamp.org\/?page_id=113"},"modified":"2017-10-10T12:46:15","modified_gmt":"2017-10-10T10:46:15","slug":"bienvenidos-a-wordcamp-santander","status":"publish","type":"page","link":"https:\/\/santander.wordcamp.org\/2017\/","title":{"rendered":"Bienvenidos a WordCamp Santander"},"content":{"rendered":"<p>\u00a1Lleg\u00f3 el momento! Hab\u00e9is preguntado mucho por la WordCamp Santander&#8230; Primero que si habr\u00eda edici\u00f3n 2017, luego que si sab\u00edamos fecha y, desde hace unos meses, que cu\u00e1ndo public\u00e1bamos la informaci\u00f3n.<\/p>\n<p>\u00a1Pues ya est\u00e1 aqu\u00ed la WordCamp Santander 2017!<\/p>\n<p>\u00bfQuieres estar al corriente de toda la informaci\u00f3n? \u00a1Atento!<\/p>\n<div class=\"jetpack_subscription_widget\"><h2 class=\"widgettitle\">Recibe las noticias en tu correo electr\u00f3nico<\/h2>\n\t\t\t<div class=\"wp-block-jetpack-subscriptions__container\">\n\t\t\t<form action=\"#\" method=\"post\" accept-charset=\"utf-8\" id=\"subscribe-blog-1\"\n\t\t\t\tdata-blog=\"125434380\"\n\t\t\t\tdata-post_access_level=\"everybody\" >\n\t\t\t\t\t\t\t\t\t<div id=\"subscribe-text\"><p>Introduce tu correo electr\u00f3nico para subscribirte a esta WordCamp y recibir notificaciones de nuevas entradas.<\/p>\n<\/div>\n\t\t\t\t\t\t\t\t\t\t<p id=\"subscribe-email\">\n\t\t\t\t\t\t<label id=\"jetpack-subscribe-label\"\n\t\t\t\t\t\t\tclass=\"screen-reader-text\"\n\t\t\t\t\t\t\tfor=\"subscribe-field-1\">\n\t\t\t\t\t\t\tDirecci\u00f3n de correo electr\u00f3nico\t\t\t\t\t\t<\/label>\n\t\t\t\t\t\t<input type=\"email\" name=\"email\" autocomplete=\"email\" required=\"required\"\n\t\t\t\t\t\t\t\t\t\t\t\t\t\t\t\t\t\t\t\t\tvalue=\"\"\n\t\t\t\t\t\t\tid=\"subscribe-field-1\"\n\t\t\t\t\t\t\tplaceholder=\"Direcci\u00f3n de correo electr\u00f3nico\"\n\t\t\t\t\t\t\/>\n\t\t\t\t\t<\/p>\n\n\t\t\t\t\t<p id=\"subscribe-submit\"\n\t\t\t\t\t\t\t\t\t\t\t>\n\t\t\t\t\t\t<input type=\"hidden\" name=\"action\" value=\"subscribe\"\/>\n\t\t\t\t\t\t<input type=\"hidden\" name=\"source\" value=\"https:\/\/santander.wordcamp.org\/2017\/wp-json\/wp\/v2\/pages\/113\"\/>\n\t\t\t\t\t\t<input type=\"hidden\" name=\"sub-type\" value=\"widget\"\/>\n\t\t\t\t\t\t<input type=\"hidden\" name=\"redirect_fragment\" value=\"subscribe-blog-1\"\/>\n\t\t\t\t\t\t<input type=\"hidden\" id=\"_wpnonce\" name=\"_wpnonce\" value=\"0633cd8778\" \/><input type=\"hidden\" name=\"_wp_http_referer\" value=\"\/2017\/wp-json\/wp\/v2\/pages\/113\" \/>\t\t\t\t\t\t<button type=\"submit\"\n\t\t\t\t\t\t\t\t\t\t\t\t\t\t\tclass=\"wp-block-button__link\"\n\t\t\t\t\t\t\t\t\t\t\t\t\t\t\t\t\t\t\t\t\t\tstyle=\"margin: 0; margin-left: 0px;\"\n\t\t\t\t\t\t\t\t\t\t\t\t\t\tname=\"jetpack_subscriptions_widget\"\n\t\t\t\t\t\t>\n\t\t\t\t\t\t\t\u00a1Quiero subscribirme!\t\t\t\t\t\t<\/button>\n\t\t\t\t\t<\/p>\n\t\t\t\t\t\t\t<\/form>\n\t\t\t\t\t\t<\/div>\n\t\t\t\n<\/div>\n","protected":false},"excerpt":{"rendered":"<p>\u00a1Lleg\u00f3 el momento! Hab\u00e9is preguntado mucho por la WordCamp Santander&#8230; Primero que si habr\u00eda edici\u00f3n 2017, luego que si sab\u00edamos fecha y, desde hace unos meses, que cu\u00e1ndo public\u00e1bamos la informaci\u00f3n. \u00a1Pues ya est\u00e1 aqu\u00ed la WordCamp Santander 2017! \u00bfQuieres estar al corriente de toda la informaci\u00f3n? \u00a1Atento!<\/p>\n","protected":false},"author":15715226,"featured_media":0,"parent":117,"menu_order":0,"comment_status":"closed","ping_status":"closed","template":"","meta":{"jetpack_post_was_ever_published":false,"footnotes":""},"class_list":["post-113","page","type-page","status-publish","hentry"],"jetpack_sharing_enabled":true,"jetpack_shortlink":"https:\/\/wp.me\/P8ujda-1P","jetpack-related-posts":[],"_links":{"self":[{"href":"https:\/\/santander.wordcamp.org\/2017\/wp-json\/wp\/v2\/pages\/113","targetHints":{"allow":["GET"]}}],"collection":[{"href":"https:\/\/santander.wordcamp.org\/2017\/wp-json\/wp\/v2\/pages"}],"about":[{"href":"https:\/\/santander.wordcamp.org\/2017\/wp-json\/wp\/v2\/types\/page"}],"author":[{"embeddable":true,"href":"https:\/\/santander.wordcamp.org\/2017\/wp-json\/wp\/v2\/users\/15715226"}],"replies":[{"embeddable":true,"href":"https:\/\/santander.wordcamp.org\/2017\/wp-json\/wp\/v2\/comments?post=113"}],"version-history":[{"count":14,"href":"https:\/\/santander.wordcamp.org\/2017\/wp-json\/wp\/v2\/pages\/113\/revisions"}],"predecessor-version":[{"id":227,"href":"https:\/\/santander.wordcamp.org\/2017\/wp-json\/wp\/v2\/pages\/113\/revisions\/227"}],"up":[{"embeddable":true,"href":"https:\/\/santander.wordcamp.org\/2017\/wp-json\/wp\/v2\/pages\/117"}],"wp:attachment":[{"href":"https:\/\/santander.wordcamp.org\/2017\/wp-json\/wp\/v2\/media?parent=113"}],"curies":[{"name":"wp","href":"https:\/\/api.w.org\/{rel}","templated":true}]}}