{"id":435,"date":"2017-08-31T22:25:58","date_gmt":"2017-08-31T20:25:58","guid":{"rendered":"https:\/\/2017.santander.wordcamp.org\/?page_id=435"},"modified":"2017-11-09T01:33:58","modified_gmt":"2017-11-08T23:33:58","slug":"entradas","status":"publish","type":"page","link":"https:\/\/santander.wordcamp.org\/2017\/entradas\/","title":{"rendered":"Entradas"},"content":{"rendered":"<p>Tu entrada al congreso de <strong>WordCamp Santander 2017<\/strong> incluye:<\/p>\n<ul>\n<li>Acceso a las conferencias de #WCSantander (S\u00e1bado 11 de noviembre)<\/li>\n<li>Acceso al d\u00eda de comunidad #WCSantander* (Domingo 12 de noviembre)<\/li>\n<li>Almuerzo, caf\u00e9 y snacks durante los dos d\u00edas del evento<\/li>\n<li>Acreditaci\u00f3n personalizada<\/li>\n<li>Camiseta y otros regalos promocionales<\/li>\n<\/ul>\n<p><img decoding=\"async\" class=\"size-medium wp-image-888 alignnone\" src=\"https:\/\/2016.santander.wordcamp.org\/files\/2016\/08\/DSC1014-w1200-h1200.jpg\" alt=\"DSC1014-w1200-h1200\" \/><\/p>\n<p><strong>Entrada + Micropatrocinio &#8211; WordCamp Santander<\/strong><br \/>\nEs tu oportunidad de mostrarle al mundo tu amor por el evento. El Micropatrocinio es lo mismo que una entrada normal e incluye todo nuestro cari\u00f1o y gratitud. Tu nombre y logotipo aparecer\u00e1n en la web de WordCamp Santander cuando se publique el art\u00edculo de agradecimiento de los micropatrocinios.<\/p>\n<p><strong>IMPORTANTE: Mi acreditaci\u00f3n no tiene mi avatar, \u00bfPor qu\u00e9 no se ve mi avatar?<\/strong><br \/>\nUtilizamos el famoso sistema <a href=\"https:\/\/es.gravatar.com\/\">Gravatar<\/a> para mostrar la foto\/avatar de los asistentes tanto en la p\u00e1gina de asistentes como en su propia acreditaci\u00f3n. Si quieres que tu foto aparezca en el listado y acreditaci\u00f3n, basta con crear una cuenta y asignarle tu avatar o foto al correo electr\u00f3nico que utilizar\u00e1s para adquirir tu entrada.<\/p>\n<p>*Si quieres asistir al d\u00eda de comunidad (Contributor Day) m\u00e1rcalo cuando rellenes los datos para tu entrada.<\/p>\n<p>**Aunque la \u00fanica forma de pago sea PayPal, no necesitas cuenta para pagar, el sistema admite pago con tarjeta.<\/p>\n<p>***Aviso para voluntarios y ponentes: No adquieras tu entrada sin hablar con nosotros.<\/p>\n<a href=\"https:\/\/santander.wordcamp.org\/2017\/entradas\/\">Por favor, ve esta p\u00e1gina en un navegador para hacer una compra o gestionar entradas.<\/a>\n","protected":false},"excerpt":{"rendered":"<p>Tu entrada al congreso de WordCamp Santander 2017 incluye: Acceso a las conferencias de #WCSantander (S\u00e1bado 11 de noviembre) Acceso al d\u00eda de comunidad #WCSantander* (Domingo 12 de noviembre) Almuerzo, caf\u00e9 y snacks durante los dos d\u00edas del evento Acreditaci\u00f3n personalizada Camiseta y otros regalos promocionales Entrada + Micropatrocinio &#8211; WordCamp Santander Es tu oportunidad &hellip; <\/p>\n<p class=\"link-more\"><a href=\"https:\/\/santander.wordcamp.org\/2017\/entradas\/\" class=\"more-link\">Continuar leyendo<span class=\"screen-reader-text\"> \u00abEntradas\u00bb<\/span><\/a><\/p>\n","protected":false},"author":15715226,"featured_media":0,"parent":0,"menu_order":0,"comment_status":"closed","ping_status":"closed","template":"","meta":{"jetpack_post_was_ever_published":false,"footnotes":""},"class_list":["post-435","page","type-page","status-publish","hentry"],"jetpack_sharing_enabled":true,"jetpack_shortlink":"https:\/\/wp.me\/P8ujda-71","jetpack-related-posts":[],"_links":{"self":[{"href":"https:\/\/santander.wordcamp.org\/2017\/wp-json\/wp\/v2\/pages\/435","targetHints":{"allow":["GET"]}}],"collection":[{"href":"https:\/\/santander.wordcamp.org\/2017\/wp-json\/wp\/v2\/pages"}],"about":[{"href":"https:\/\/santander.wordcamp.org\/2017\/wp-json\/wp\/v2\/types\/page"}],"author":[{"embeddable":true,"href":"https:\/\/santander.wordcamp.org\/2017\/wp-json\/wp\/v2\/users\/15715226"}],"replies":[{"embeddable":true,"href":"https:\/\/santander.wordcamp.org\/2017\/wp-json\/wp\/v2\/comments?post=435"}],"version-history":[{"count":10,"href":"https:\/\/santander.wordcamp.org\/2017\/wp-json\/wp\/v2\/pages\/435\/revisions"}],"predecessor-version":[{"id":457,"href":"https:\/\/santander.wordcamp.org\/2017\/wp-json\/wp\/v2\/pages\/435\/revisions\/457"}],"wp:attachment":[{"href":"https:\/\/santander.wordcamp.org\/2017\/wp-json\/wp\/v2\/media?parent=435"}],"curies":[{"name":"wp","href":"https:\/\/api.w.org\/{rel}","templated":true}]}}